s 237909383069 prime?
True
Is 50955428279 composite?
True
Is 34172126281 prime?
False
Is 62709054791 prime?
True
Is 4422122119 a composite number?
False
Is 401459059 a composite number?
False
Is 37543302253 prime?
True
Is 336488309 composite?
True
Is 220300147 a composite number?
False
Is 2415310409 composite?
True
Is 18627168691 a prime number?
False
Is 1812658819 prime?
False
Is 1136892389 a composite number?
False
Is 6993137686 a composite number?
True
Is 2608881113 a composite number?
True
Is 188801849 a prime number?
False
Is 1786330583 a composite number?
False
Is 334303633 composite?
False
Is 3553591693 a prime number?
True
Is 33311554 prime?
False
Is 62403426871 prime?
True
Is 319425709 prime?
False
Is 486624007 a prime number?
False
Is 10698275197 composite?
True
Is 74851211 prime?
False
Is 12142201189 a composite number?
True
Is 49672321 prime?
False
Is 3116589127 a prime number?
False
Is 2107487051 prime?
False
Is 966366551 composite?
True
Is 84207637289 prime?
True
Is 1208566813 a prime number?
False
Is 153983219147 composite?
False
Is 1544422421 prime?
False
Is 6101423399 a prime number?
True
Is 16166811467 prime?
True
Is 276335651 a composite number?
False
Is 846873661 prime?
True
Is 10445547109 a prime number?
True
Is 51424233167 prime?
True
Is 30060958739 a prime number?
False
Is 6470632673 prime?
False
Is 20415337853 a composite number?
True
Is 139352459 a composite number?
False
Is 523775929 composite?
True
Is 2166017417 a prime number?
False
Is 516812929 prime?
False
Is 135130445 a composite number?
True
Is 285467749 composite?
True
Is 7959048241 a composite number?
True
Is 5047590221 a composite number?
True
Is 24018451837 a prime number?
True
Is 20217523726 a composite number?
True
Is 5125454033 a prime number?
False
Is 242586739 a composite number?
False
Is 347924299 prime?
True
Is 177128722021 composite?
True
Is 2533054441 composite?
True
Is 1224980819 prime?
True
Is 1452100049 a composite number?
False
Is 1253032743 a prime number?
False
Is 1734773273 composite?
True
Is 8723600927 a composite number?
False
Is 85420165069 composite?
True
Is 6273003353 a prime number?
True
Is 4169568787 a composite number?
True
Is 1215692411 prime?
True
Is 21913032299 composite?
False
Is 724190869 a prime number?
True
Is 56052355627 composite?
False
Is 1588365355 prime?
False
Is 696192349 a prime number?
True
Is 7985105549 prime?
True
Is 112390119077 prime?
True
Is 33717917369 a composite number?
False
Is 1467072149 a prime number?
False
Is 26978233031 a composite number?
False
Is 1022829859 a composite number?
False
Is 705497267 prime?
True
Is 6200780711 a prime number?
False
Is 376395517 a prime number?
True
Is 3553790729 composite?
True
Is 3914224147 prime?
True
Is 19887433457 a composite number?
False
Is 384401189 a prime number?
True
Is 17480909167 prime?
False
Is 19794378574 a prime number?
False
Is 56116231823 prime?
True
Is 11477610033 prime?
False
Is 18887632553 a prime number?
False
Is 96983536489 composite?
True
Is 44311057547 a prime number?
False
Is 1541592253 a composite number?
False
Is 8916687319 composite?
False
Is 42282199 prime?
True
Is 1239677597 a composite number?
False
Is 2454068333 a prime number?
True
Is 20236176889 a composite number?
False
Is 5467740857 composite?
True
Is 49329655537 prime?
True
Is 24777686053 a prime number?
True
Is 43356996457 composite?
False
Is 6858097099 prime?
False
Is 329566247 a composite number?
False
Is 2168028073 prime?
True
Is 309123823 composite?
True
Is 13919788907 prime?
False
Is 8194047907 a composite number?
True
Is 727161989 composite?
False
Is 7426503079 a composite number?
False
Is 12884411447 a prime number?
False
Is 5090252987 a composite number?
True
Is 12498317501 composite?
False
Is 68447459 a composite number?
False
Is 29040811321 prime?
False
Is 59720174201 prime?
False
Is 3788209327 a prime number?
False
Is 237256797 a prime number?
False
Is 1557280723 a composite number?
False
Is 271337093 a prime number?
True
Is 6470756129 prime?
False
Is 976501993 a composite number?
False
Is 783673483 prime?
False
Is 13475778521 a composite number?
True
Is 476971693 prime?
False
Is 30625756939 composite?
True
Is 1568743049 prime?
False
Is 378713789 a composite number?
False
Is 3403723553 a prime number?
True
Is 4153198261 prime?
False
Is 1731737087 a prime number?
True
Is 4156988009 a composite number?
False
Is 2030754419 a composite number?
False
Is 3880210753 a composite number?
False
Is 45053520467 a prime number?
True
Is 53632098733 composite?
True
Is 18961893283 prime?
True
Is 36523109131 prime?
False
Is 4445285281 composite?
False
Is 1591033921 prime?
True
Is 2372162153 a prime number?
False
Is 351197401 a composite number?
False
Is 6717367133 prime?
True
Is 141709580807 a prime number?
True
Is 1018094323 composite?
False
Is 2384751373 a prime number?
True
Is 8789705213 composite?
False
Is 236898527 a prime number?
False
Is 414091787 a prime number?
True
Is 1414843981 a prime number?
True
Is 2917999345 a prime number?
False
Is 10163426071 composite?
False
Is 77230244347 a composite number?
True
Is 569435918 composite?
True
Is 519382349 a composite number?
True
Is 545063221 composite?
False
Is 831842867 a prime number?
True
Is 413617921 a prime number?
True
Is 10157405663 composite?
False
Is 525928391 prime?
False
Is 114454983971 composite?
True
Is 3853541287 prime?
True
Is 4663657681 a composite number?
True
Is 17626015723 prime?
True
Is 12312032363 prime?
False
Is 318968243 a prime number?
False
Is 1359910757 prime?
True
Is 304617342037 composite?
False
Is 1131015949 composite?
True
Is 269595191 composite?
False
Is 273930737 composite?
True
Is 6148513643 a composite number?
False
Is 3997047133 a prime number?
True
Is 8568851561 a prime number?
True
Is 2271932291 a prime number?
False
Is 82228538437 a composite number?
True
Is 222819598565 a composite number?
True
Is 58375351 composite?
True
Is 23608578967 a prime number?
True
Is 2719862471 a composite number?
True
Is 11695739743 a composite number?
True
Is 263963429 a prime number?
True
Is 70970104427 composite?
True
Is 165340933 a composite number?
False
Is 560570671 a composite number?
True
Is 46951247069 a prime number?
False
Is 296085872657 a prime number?
True
Is 6160015993 a composite number?
True
Is 107631483469 prime?
True
Is 9615870367 a prime number?
False
Is 13161723607 composite?
True
Is 97559977 prime?
False
Is 9866117923 a prime number?
True
Is 189861821 a prime number?
True
Is 72276977 prime?
False
Is 625647551 composite?
False
Is 526724473 a composite number?
True
Is 2027226341 a composite number?
True
Is 3702629629 prime?
True
Is 38148533 a composite number?
False
Is 20935234553 a composite number?
True
Is 661062293 composite?
False
Is 6033081365 a prime number?
False
Is 471351754565 composite?
True
Is 3383851 a prime number?
False
Is 240726209 a prime number?
True
Is 104231683357 prime?
True
Is 151538570173 a prime number?
False
Is 41515671427 a composite number?
False
Is 29990729453 a prime number?
True
Is 102807491 a composite number?
False
Is 3756607 composite?
False
Is 12846863891 a prime number?
True
Is 5969225387 a prime number?
False
Is 1663914847 a prime number?
False
Is 866409779 a prime number?
False
Is 360632053 a composite number?
False
Is 162351990431 a composite number?
False
Is 3246952517 a prime number?
True
Is 1038015593 a prime number?
True
Is 581985073 a prime number?
False
Is 935836721 a prime number?
False
Is 921238861 a prime number?
False
Is 41098404127 prime?
False
Is 48048922381 a prime number?
True
Is 17560778563 a composite number?
False
Is 210696158209 a composite number?
False
Is 1052148673 prime?
True
Is 167884963 a composite number?
True
Is 188884283 prime?
False
Is 1941248993 a prime number?
False
Is 1395747623 a composite number?
False
Is 454231777 a prime number?
True
Is 111526094587 prime?
True
Is 84443325209 a prime number?
True
Is 321640733 composite?
False
Is 13386720203 a composite number?
False
Is 7298715403 a composite number?
True
Is 5631332937 a prime number?
False
Is 3986141681 composite?
False
Is 1723161073 a composite number?
False
Is 2977562651 a prime number?
False
Is 46989277717 prime?
True
Is 2228624117 a composite number?
False
Is 20618672063 a prime 